 to base 13.
-454a
Convert 35315 (base 7) to base 9.
13405
Convert 50224 (base 9) to base 3.
1200020211
2210033 (base 4) to base 16
290f
11764 (base 10) to base 8
26764
-1728 (base 13) to base 3
-11200110
What is -200221 (base 3) in base 6?
-2211
What is 2323 (base 6) in base 5?
4210
652 (base 8) to base 15
1d6
Convert -2206 (base 7) to base 5.
-11130
125 (base 8) to base 11
78
3809 (base 11) to base 16
136a
Convert 1012004 (base 5) to base 10.
16504
What is -15b (base 15) in base 8?
-467
Convert -101433 (base 5) to base 8.
-6450
Convert -98b (base 15) to base 6.
-13552
Convert -aba (base 14) to base 4.
-201030
Convert 491 (base 12) to base 4.
22231
Convert 3047 (base 9) to base 5.
32410
-3552 (base 6) to base 11
-712
Convert 1716 (base 9) to base 11.
a92
What is -16ddb (base 14) in base 11?
-3a323
Convert -10000111010 (base 2) to base 5.
-13312
What is -32168 (base 9) in base 11?
-14a9a
-1797 (base 10) to base 4
-130011
Convert -492 (base 16) to base 10.
-1170
What is -7680 (base 14) in base 12?
-ba40
What is 233b (base 15) in base 5?
214411
-272 (base 9) to base 6
-1015
593b (base 13) to base 15
3ac1
What is -3645 (base 8) in base 3?
-2200111
Convert -831 (base 9) to base 5.
-10201
What is -1475 (base 15) in base 16?
-1121
Convert 13032310 (base 4) to base 14.
ab1a
110010101 (base 2) to base 10
405
-17a8 (base 12) to base 7
-11231
Convert -22341 (base 5) to base 13.
-95a
962 (base 13) to base 5
22401
What is 1225 (base 6) in base 5?
2210
What is 995 (base 12) in base 9?
1835
-76e (base 15) to base 6
-11435
Convert 12000 (base 4) to base 11.
31a
-1010101110 (base 2) to base 8
-1256
1503 (base 7) to base 10
591
-496 (base 10) to base 2
-111110000
What is -21341 (base 5) in base 15?
-681
-5b8c (base 13) to base 11
-9812
Convert -1122220 (base 3) to base 4.
-102330
-10001110111 (base 2) to base 7
-3222
What is -15431 (base 12) in base 2?
-111010100100101
What is -2222221 (base 3) in base 9?
-2887
What is 403222 (base 6) in base 11?
21a14
Convert -448 (base 14) to base 7.
-2321
Convert 6bd7 (base 16) to base 12.
13b87
Convert 7256 (base 10) to base 14.
2904
What is 17996 (base 10) in base 15?
54eb
What is 300031 (base 4) in base 14?
11a5
-176577 (base 8) to base 11
-44836
-28921 (base 10) to base 6
-341521
Convert -2214411 (base 5) to base 10.
-38731
bd82 (base 14) to base 4
20001032
-b34 (base 16) to base 3
-10221020
-1404 (base 8) to base 4
-30010
-a318 (base 11) to base 13
-6303
Convert -2f3a (base 16) to base 11.
-90a1
What is 1004004 (base 5) in base 16?
3f01
Convert 9223 (base 10) to base 4.
2100013
What is -130 (base 14) in base 10?
-238
Convert 1459 (base 12) to base 8.
4505
What is 18 (base 15) in base 5?
43
-50345 (base 6) to base 10
-6617
1011001001 (base 2) to base 15
328
Convert -362e (base 15) to base 13.
-5321
Convert 325 (base 11) to base 15.
1b0
Convert 1042101 (base 5) to base 10.
18401
-fe81 (base 16) to base 6
-1221345
5a52 (base 15) to base 7
106661
Convert -1010101110110000 (base 2) to base 8.
-125660
-3801 (base 10) to base 9
-5183
7230 (base 10) to base 9
10823
Convert -22221011 (base 3) to base 12.
-3927
Convert -5d39 (base 15) to base 3.
-1000020100
Convert 771 (base 8) to base 11.
41a
What is 12202201 (base 3) in base 2?
1000001101100
Convert d08 (base 14) to base 16.
9fc
-11281 (base 9) to base 2
-1110101100101
Convert -4988 (base 13) to base 9.
-15258
-32b0 (base 16) to base 9
-18717
Convert -10658 (base 9) to base 8.
-15674
What is -a524 (base 13) in base 2?
-101100100111101
What is 33340 (base 5) in base 15?
a65
Convert -41200 (base 5) to base 12.
-166b
-d8 (base 15) to base 11
-175
What is -759 (base 11) in base 4?
-32033
What is 2d7b (base 14) in base 10?
8145
What is 122313 (base 6) in base 9?
15870
What is 203 (base 9) in base 11?
140
What is -172a (base 11) in base 4?
-202202
-1004 (base 7) to base 2
-101011011
Convert -1124 (base 13) to base 15.
-a9b
11 (base 4) to base 2
101
What is -4432 (base 8) in base 4?
-210122
-1143030 (base 6) to base 5
-3412112
Convert 123330 (base 5) to base 6.
34224
3031 (base 5) to base 12
287
Convert -644 (base 12) to base 5.
-12131
Convert 143646 (base 7) to base 14.
a196
-20313 (base 10) to base 16
-4f59
What is 2041 (base 12) in base 7?
13135
What is 3579 (base 11) in base 3?
20102111
What is 17072 (base 9) in base 16?
2dd1
Convert 1016 (base 8) to base 15.
251
Convert -1146 (base 7) to base 14.
-226
111002 (base 3) to base 9
432
11011 (base 3) to base 8
160
-2003121 (base 4) to base 6
-102533
923 (base 11) to base 13
679
Convert 2202 (base 3) to base 7.
134
-25176 (base 8) to base 7
-43500
118874 (base 9) to base 16
119dd
-1214 (base 6) to base 2
-100101010
Convert 1024 (base 11) to base 12.
951
Convert -200000 (base 3) to base 7.
-1263
d58 (base 15) to base 9
4112
Convert 4475 (base 12) to base 13.
35ab
3771 (base 8) to base 7
5644
-103222 (base 4) to base 3
-1201121
What is -10300311 (base 4) in base 6?
-230153
Convert 21a (base 15) to base 2.
111011011
6a9a (base 13) to base 9
22515
Convert 1130 (base 9) to base 2.
1101000101
-33 (base 14) to base 11
-41
What is -655 (base 13) in base 7?
-3106
-1926 (base 15) to base 16
-153c
-2002101 (base 3) to base 13
-901
-227 (base 9) to base 12
-137
27 (base 14) to base 16
23
What is -95b (base 12) in base 5?
-20432
Convert -4a70 (base 15) to base 10.
-15855
2000120 (base 3) to base 8
2701
What is -16809 (base 12) in base 15?
-9860
Convert 19d (base 16) to base 4.
12131
Convert -226 (base 15) to base 4.
-13212
Convert -c43 (base 13) to base 8.
-4043
What is 559 (base 10) in base 3?
202201
215 (base 14) to base 5
3121
20102120 (base 3) to base 12
2866
Convert -11000101111 (base 2) to base 11.
-120a
What is -406 (base 8) in base 11?
-219
Convert -283 (base 13) to base 12.
-311
366 (base 9) to base 12
213
Convert -98 (base 12) to base 3.
-11022
-2502 (base 9) to base 6
-12345
-26450 (base 7) to base 11
-5367
What is -22758 (base 10) in base 13?
-a488
-504 (base 9) to base 10
-409
2332 (base 5) to base 15
17c
What is 107 (base 12) in base 3?
12121
What is 632 (base 7) in base 15?
162
Convert 1ac (base 13) to base 2.
100110111
4222003 (base 5) to base 16
1126d
-b38 (base 14) to base 15
-9c1
What is 23023 (base 4) in base 6?
3151
-b820 (base 12) to base 7
-112563
What is 110010101111 (base 2) in base 14?
127d
What is -3060 (base 12) in base 11?
-3a49
What is 3468 (base 10) in base 4?
312030
2e0 (base 16) to base 11
60a
What is 3302001 (base 5) in base 11?
394a5
Convert -b82 (base 13) to base 14.
-a05
What is -3020331 (base 4) in base 11?
-9732
-23257 (base 10) to base 15
-6d57
-12013031 (base 4) to base 16
-61cd
270 (base 10) to base 15
130
Convert -4145 (base 8) to base 3.
-2221121
Convert -10046 (base 7) to base 4.
-212003
What is -10310 (base 5) in base 11?
-591
Convert 4179 (base 15) to base 2.
11011000001111
What is 11877 (base 9) in base 4?
1331020
What is 10111200 (base 3) in base 14?
d08
1804 (base 9) to base 2
10101100101
What is 30330 (base 4) in base 3?
1010200
-104110 (base 7) to base 4
-10130323
10535 (base 6) to base 14
791
What is -1346 (base 7) in base 11?
-437
What is 14d4 (base 14) in base 11?
2877
-133141 (base 6) to base 3
-121222021
What is -a5 (base 12) in base 6?
-325
Convert -78df (base 16) to base 7.
-156133
Convert 3b63 (base 13) to base 15.
27db
14a (base 12) to base 8
312
2020 (base 3) to base 13
48
-20112222 (base 4) to base 12
-17976
What is 1702 (base 16) in base 5?
142030
Convert 744 (base 12) to base 8.
2044
What is 10053 (base 16) in base 13?
23b38
-2088 (base 14) to base 8
-12750
What is 422 (base 7) in base 2?
11010100
Convert -511 (base 8) to base 10.
-329
What is 1504 (base 13) in base 8?
5746
What is -2100211 (base 3) in base 12?
-bb7
Convert 1433 (base 16) to base 7.
21035
What is 11100101001 (base 2) in base 6?
12253
2102212010 (base 3) to base 8
135611
-3234343 (base 5) to base 2
-1101100100101110
4b4 (base 13) to base 12
587
What is 3021 (base 6) in base 8?
1225
30334 (base 6) to base 4
332302
-a88 (base 11) to base 13
-796
-1 (base 15) to base 4
-1
Convert 543051 (base 6) to base 3.
2021101011
121120 (base 4) to base 3
2020011
What is 300545 (base 6) in base 14?
8813
Convert 1049d (base 14) to base 4.
21212223
-5216 (base 8) to base 16
-a8e
-12401 (base 5) to base 15
-451
What is -5241 (base 